{"id":326,"date":"2020-03-17T11:32:27","date_gmt":"2020-03-17T10:32:27","guid":{"rendered":"http:\/\/www.vetpraxis-horw.ch\/?page_id=326"},"modified":"2026-04-21T17:16:44","modified_gmt":"2026-04-21T16:16:44","slug":"news","status":"publish","type":"page","link":"http:\/\/www.vetpraxis-horw.ch\/?page_id=326","title":{"rendered":"News"},"content":{"rendered":"\n<p><em>Wildtiere<\/em><\/p>\n\n\n\n<p>Momentan gibt es viele junge V\u00f6gel in unserer Umwelt. Bei Problemen wenden Sie sich bitte direkt an die Vogelwarte Sempach. Dort wird Ihnen kompetent weitergeholfen. 041 462 97 00 oder ausserhalb der \u00d6ffnungszeiten 041 462 99 99.<\/p>\n\n\n\n<p><\/p>\n\n\n\n<p><em>Praktika<\/em><\/p>\n\n\n\n<p>Aktell k\u00f6nnen wir keine Schnupperlehren anbieten. Vielen Dank f\u00fcrs Verst\u00e4ndnis.<\/p>\n\n\n\n<p><\/p>\n\n\n\n<p>Der Praktikumsplatz Zukunftstag ist f\u00fcr 2026 bereits vergeben. Vielen Dank f\u00fcrs Verst\u00e4ndnis.<\/p>\n\n\n\n<p><\/p>\n\n\n\n<p><em>Information zur Euthanasie ab dem 1. Juli 2025<\/em><\/p>\n\n\n\n<p>Der \u00d6kihof von den Gemeinden Horw\/Kriens wird nach Malters verlegt. Daher ist es uns nicht mehr m\u00f6glich vor Ort Kadaver zu entsorgen. Bei einer Euthanasie Ihres Tieres empfehlen wir die Optionen einer Kremation (Sammel- oder Einzelkremation).<\/p>\n\n\n\n<p>Das Tier kann auch weiterhin \u00fcber uns entsorgt werden, allerdings gegen deutlich h\u00f6here Geb\u00fchren und abh\u00e4ngig vom Gewicht. Alternativ entsorgen Sie Ihr Tier selber in Malters.<\/p>\n\n\n\n<p>Vielen Dank f\u00fcrs Verst\u00e4ndnis.<\/p>\n\n\n\n<p><\/p>\n\n\n<p><span style=\"color: #ff9900;\">Model der Website auf Instagram: <strong>@lovely_kims_diary<\/strong><\/span><\/p>\n\n\n<p><\/p>\n\n\n\n<p><\/p>\n\n\n\n<p><\/p>\n\n\n\n<p><\/p>\n\n\n\n<p><\/p>\n","protected":false},"excerpt":{"rendered":"<p>Wildtiere Momentan gibt es viele junge V\u00f6gel in unserer Umwelt. Bei Problemen wenden Sie sich bitte direkt an die Vogelwarte Sempach. Dort wird Ihnen kompetent weitergeholfen. 041 462 97 00 oder ausserhalb der \u00d6ffnungszeiten 041 462 99 99. Praktika Aktell k\u00f6nnen wir keine Schnupperlehren anbieten. Vielen Dank f\u00fcrs Verst\u00e4ndnis. Der Praktikumsplatz Zukunftstag ist f\u00fcr 2026 &hellip; <a href=\"http:\/\/www.vetpraxis-horw.ch\/?page_id=326\" class=\"more-link\"><span class=\"screen-reader-text\">News<\/span> weiterlesen<\/a><\/p>\n","protected":false},"author":1,"featured_media":0,"parent":0,"menu_order":0,"comment_status":"closed","ping_status":"closed","template":"","meta":{"footnotes":""},"class_list":["post-326","page","type-page","status-publish","hentry"],"_links":{"self":[{"href":"http:\/\/www.vetpraxis-horw.ch\/index.php?rest_route=\/wp\/v2\/pages\/326","targetHints":{"allow":["GET"]}}],"collection":[{"href":"http:\/\/www.vetpraxis-horw.ch\/index.php?rest_route=\/wp\/v2\/pages"}],"about":[{"href":"http:\/\/www.vetpraxis-horw.ch\/index.php?rest_route=\/wp\/v2\/types\/page"}],"author":[{"embeddable":true,"href":"http:\/\/www.vetpraxis-horw.ch\/index.php?rest_route=\/wp\/v2\/users\/1"}],"replies":[{"embeddable":true,"href":"http:\/\/www.vetpraxis-horw.ch\/index.php?rest_route=%2Fwp%2Fv2%2Fcomments&post=326"}],"version-history":[{"count":42,"href":"http:\/\/www.vetpraxis-horw.ch\/index.php?rest_route=\/wp\/v2\/pages\/326\/revisions"}],"predecessor-version":[{"id":568,"href":"http:\/\/www.vetpraxis-horw.ch\/index.php?rest_route=\/wp\/v2\/pages\/326\/revisions\/568"}],"wp:attachment":[{"href":"http:\/\/www.vetpraxis-horw.ch\/index.php?rest_route=%2Fwp%2Fv2%2Fmedia&parent=326"}],"curies":[{"name":"wp","href":"https:\/\/api.w.org\/{rel}","templated":true}]}}