{"id":114,"date":"2015-11-04T17:03:14","date_gmt":"2015-11-04T16:03:14","guid":{"rendered":"http:\/\/www.vetpraxis-horw.ch\/?page_id=114"},"modified":"2020-11-27T11:29:46","modified_gmt":"2020-11-27T10:29:46","slug":"unsere-leistungen","status":"publish","type":"page","link":"http:\/\/www.vetpraxis-horw.ch\/?page_id=114","title":{"rendered":"Unsere Leistungen"},"content":{"rendered":"<p>Wir behandeln Katzen, Hunde und kleine Heimtiere<\/p>\n<p><a href=\"http:\/\/www.vetpraxis-horw.ch\/wp-content\/uploads\/2019\/09\/Kim-mit-Blume-hochformat.jpeg\"><img loading=\"lazy\" decoding=\"async\" class=\" wp-image-308 alignright\" src=\"http:\/\/www.vetpraxis-horw.ch\/wp-content\/uploads\/2019\/09\/Kim-mit-Blume-hochformat-186x300.jpeg\" alt=\"\" width=\"266\" height=\"429\" srcset=\"http:\/\/www.vetpraxis-horw.ch\/wp-content\/uploads\/2019\/09\/Kim-mit-Blume-hochformat-186x300.jpeg 186w, http:\/\/www.vetpraxis-horw.ch\/wp-content\/uploads\/2019\/09\/Kim-mit-Blume-hochformat-768x1240.jpeg 768w, http:\/\/www.vetpraxis-horw.ch\/wp-content\/uploads\/2019\/09\/Kim-mit-Blume-hochformat-634x1024.jpeg 634w, http:\/\/www.vetpraxis-horw.ch\/wp-content\/uploads\/2019\/09\/Kim-mit-Blume-hochformat.jpeg 1140w\" sizes=\"auto, (max-width: 266px) 100vw, 266px\" \/><\/a><\/p>\n<ul>\n<li><span style=\"color: #333333;\">Impfungen<\/span><\/li>\n<li><span style=\"color: #333333;\">Reiseberatu<\/span><span style=\"color: #333333;\">ng<\/span><span style=\"color: #333333;\">, ausstellen von Heimtierausweisen<\/span><\/li>\n<li><span style=\"color: #333333;\">Registrierung und einsetzen des Mikrochips<\/span><\/li>\n<li><span style=\"color: #333333;\">Internistische Abkl\u00e4rungen<\/span><\/li>\n<li><span style=\"color: #333333;\">Basisabkl\u00e4rungen f\u00fcr Dermato-, Ophtalmo- und Neurologie<\/span><\/li>\n<li><span style=\"color: #333333;\">Kastrationen<\/span><\/li>\n<li><span style=\"color: #333333;\">Weichteilchirurgie<\/span><\/li>\n<li><span style=\"color: #333333;\">Orthop\u00e4dische Abkl\u00e4rungen, inkl. Dysplasie<\/span><\/li>\n<li><span style=\"color: #333333;\">Zahnbehandlungen<\/span><\/li>\n<li><span style=\"color: #333333;\">Fell- und Krallenpflege<\/span><\/li>\n<li><span style=\"color: #333333;\">R\u00f6ntgen<\/span><\/li>\n<li><span style=\"color: #333333;\">Externe- und interne Laboranalysen<\/span><\/li>\n<li><span style=\"color: #333333;\">Akupunktur<\/span><\/li>\n<li><span style=\"color: #333333;\">Osteopathie<\/span><\/li>\n<li>Vitalpilze<\/li>\n<li><span style=\"color: #333333;\">Wings\u00ae Tierkinesiologie<\/span><\/li>\n<li><span style=\"color: #333333;\">Futterverkauf<\/span><\/li>\n<li><span style=\"color: #333333;\">Petshop<\/span><\/li>\n<li>Hausbesuche auf Anfrage<\/li>\n<li><span style=\"color: #333333;\">Zusammenarbeit mit Spezialisten<\/span><\/li>\n<\/ul>\n","protected":false},"excerpt":{"rendered":"<p>Wir behandeln Katzen, Hunde und kleine Heimtiere Impfungen Reiseberatung, ausstellen von Heimtierausweisen Registrierung und einsetzen des Mikrochips Internistische Abkl\u00e4rungen Basisabkl\u00e4rungen f\u00fcr Dermato-, Ophtalmo- und Neurologie Kastrationen Weichteilchirurgie Orthop\u00e4dische Abkl\u00e4rungen, inkl. Dysplasie Zahnbehandlungen Fell- und Krallenpflege R\u00f6ntgen Externe- und interne Laboranalysen Akupunktur Osteopathie Vitalpilze Wings\u00ae Tierkinesiologie Futterverkauf Petshop Hausbesuche auf Anfrage Zusammenarbeit mit Spezialisten<\/p>\n","protected":false},"author":1,"featured_media":0,"parent":22,"menu_order":0,"comment_status":"closed","ping_status":"closed","template":"","meta":{"footnotes":""},"class_list":["post-114","page","type-page","status-publish","hentry"],"_links":{"self":[{"href":"http:\/\/www.vetpraxis-horw.ch\/index.php?rest_route=\/wp\/v2\/pages\/114","targetHints":{"allow":["GET"]}}],"collection":[{"href":"http:\/\/www.vetpraxis-horw.ch\/index.php?rest_route=\/wp\/v2\/pages"}],"about":[{"href":"http:\/\/www.vetpraxis-horw.ch\/index.php?rest_route=\/wp\/v2\/types\/page"}],"author":[{"embeddable":true,"href":"http:\/\/www.vetpraxis-horw.ch\/index.php?rest_route=\/wp\/v2\/users\/1"}],"replies":[{"embeddable":true,"href":"http:\/\/www.vetpraxis-horw.ch\/index.php?rest_route=%2Fwp%2Fv2%2Fcomments&post=114"}],"version-history":[{"count":10,"href":"http:\/\/www.vetpraxis-horw.ch\/index.php?rest_route=\/wp\/v2\/pages\/114\/revisions"}],"predecessor-version":[{"id":350,"href":"http:\/\/www.vetpraxis-horw.ch\/index.php?rest_route=\/wp\/v2\/pages\/114\/revisions\/350"}],"up":[{"embeddable":true,"href":"http:\/\/www.vetpraxis-horw.ch\/index.php?rest_route=\/wp\/v2\/pages\/22"}],"wp:attachment":[{"href":"http:\/\/www.vetpraxis-horw.ch\/index.php?rest_route=%2Fwp%2Fv2%2Fmedia&parent=114"}],"curies":[{"name":"wp","href":"https:\/\/api.w.org\/{rel}","templated":true}]}}